is 45 (base 12) in base 15?
38
-6 (base 10) to base 12
-6
200 (base 6) to base 12
60
What is 1 (base 4) in base 16?
1
Convert 131 (base 13) to base 4.
3101
Convert -56 (base 13) to base 2.
-1000111
Convert -68 (base 9) to base 2.
-111110
Convert -4 (base 10) to base 3.
-11
What is -c7 (base 16) in base 5?
-1244
Convert -104 (base 9) to base 5.
-320
Convert -1120 (base 3) to base 16.
-2a
Convert 98 (base 12) to base 6.
312
-4 (base 11) to base 2
-100
-12 (base 5) to base 14
-7
What is 1 (base 9) in base 15?
1
12 (base 6) to base 10
8
61 (base 12) to base 2
1001001
What is -1 (base 9) in base 15?
-1
Convert -234 (base 11) to base 3.
-101100
-3 (base 10) to base 16
-3
-201 (base 4) to base 5
-113
What is 19 (base 13) in base 12?
1a
What is -b8 (base 16) in base 14?
-d2
Convert -2 (base 15) to base 4.
-2
5 (base 11) to base 10
5
111 (base 2) to base 5
12
-ba (base 13) to base 3
-12200
What is -22 (base 4) in base 8?
-12
What is -2 (base 14) in base 4?
-2
-42 (base 5) to base 15
-17
What is -3 (base 4) in base 7?
-3
Convert -37 (base 8) to base 13.
-25
Convert 46 (base 15) to base 11.
60
What is 4 (base 12) in base 2?
100
What is 10 (base 3) in base 8?
3
Convert 10 (base 6) to base 16.
6
What is 32 (base 11) in base 13?
29
10 (base 2) to base 5
2
21021 (base 3) to base 9
237
Convert -1f (base 16) to base 4.
-133
0 (base 15) to base 6
0
What is -20 (base 3) in base 4?
-12
6 (base 14) to base 3
20
4 (base 14) to base 15
4
76 (base 10) to base 5
301
Convert 202 (base 7) to base 5.
400
2111 (base 3) to base 13
52
-6 (base 9) to base 7
-6
What is -1 (base 4) in base 3?
-1
-6b (base 16) to base 14
-79
What is 58 (base 12) in base 7?
125
What is 144 (base 16) in base 11?
275
Convert -23 (base 7) to base 3.
-122
1120 (base 7) to base 14
210
What is 10 (base 5) in base 3?
12
Convert 3 (base 14) to base 16.
3
49 (base 14) to base 3
2102
What is b4 (base 12) in base 5?
1021
-133 (base 7) to base 5
-243
Convert 22 (base 3) to base 6.
12
-5 (base 7) to base 11
-5
f (base 16) to base 15
10
Convert 6 (base 8) to base 6.
10
-79 (base 11) to base 12
-72
2 (base 13) to base 6
2
What is 12 (base 5) in base 7?
10
What is -3 (base 13) in base 16?
-3
c7 (base 14) to base 12
127
Convert -6b (base 12) to base 13.
-65
-15c (base 15) to base 2
-100111000
What is -3 (base 13) in base 7?
-3
What is -4b (base 13) in base 14?
-47
What is 10000 (base 2) in base 5?
31
Convert 0 (base 9) to base 7.
0
Convert -2 (base 15) to base 8.
-2
Convert -111 (base 8) to base 14.
-53
What is 10 (base 5) in base 10?
5
1 (base 9) to base 3
1
Convert 6 (base 14) to base 13.
6
-65 (base 16) to base 4
-1211
What is 143 (base 6) in base 4?
333
What is -224 (base 5) in base 6?
-144
Convert -15 (base 10) to base 5.
-30
Convert -1101 (base 4) to base 11.
-74
What is 254 (base 6) in base 7?
211
What is -c3 (base 16) in base 6?
-523
3 (base 10) to base 6
3
What is -19 (base 15) in base 6?
-40
Convert -5 (base 8) to base 14.
-5
1d (base 16) to base 13
23
-2221 (base 3) to base 5
-304
What is 42 (base 5) in base 14?
18
Convert -1 (base 13) to base 11.
-1
What is -70 (base 9) in base 13?
-4b
Convert b2 (base 14) to base 15.
a6
What is -1 (base 8) in base 2?
-1
Convert 12 (base 3) to base 12.
5
What is -b (base 12) in base 7?
-14
What is -3022 (base 4) in base 6?
-534
What is 10 (base 5) in base 13?
5
1 (base 5) to base 7
1
-34 (base 5) to base 14
-15
What is -13 (base 6) in base 13?
-9
-b3 (base 13) to base 10
-146
Convert -47 (base 16) to base 13.
-56
Convert -5b (base 14) to base 13.
-63
What is -15 (base 11) in base 4?
-100
-4 (base 11) to base 5
-4
What is -44 (base 14) in base 13?
-48
Convert 14 (base 6) to base 11.
a
What is 198 (base 13) in base 8?
446
What is -61 (base 11) in base 4?
-1003
What is 12 (base 4) in base 14?
6
What is 12 (base 7) in base 6?
13
0 (base 4) to base 11
0
What is 35 (base 6) in base 10?
23
What is 60 (base 8) in base 9?
53
What is 3 (base 7) in base 2?
11
Convert -76 (base 9) to base 2.
-1000101
-318 (base 11) to base 14
-1d4
Convert -76 (base 11) to base 8.
-123
Convert 145 (base 7) to base 16.
52
Convert -333 (base 8) to base 13.
-13b
-63 (base 12) to base 8
-113
Convert 72 (base 13) to base 11.
85
Convert 4 (base 10) to base 5.
4
-83 (base 9) to base 8
-113
What is 310 (base 4) in base 13?
40
What is -3 (base 10) in base 15?
-3
What is 2 (base 15) in base 7?
2
Convert -3 (base 11) to base 15.
-3
Convert -2d (base 14) to base 13.
-32
Convert 7 (base 10) to base 6.
11
244 (base 7) to base 12
aa
What is -11 (base 2) in base 4?
-3
What is -aa (base 15) in base 13?
-c4
Convert 22 (base 8) to base 11.
17
What is 1 (base 13) in base 15?
1
Convert 1 (base 7) to base 3.
1
-173 (base 8) to base 2
-1111011
What is -1 (base 15) in base 8?
-1
What is 0 (base 2) in base 12?
0
What is 11 (base 3) in base 2?
100
10201 (base 3) to base 12
84
What is 1031 (base 4) in base 16?
4d
-25 (base 9) to base 13
-1a
What is 2212 (base 3) in base 11?
70
Convert -10 (base 10) to base 13.
-a
Convert 10 (base 5) to base 16.
5
Convert 7 (base 15) to base 16.
7
What is -29 (base 15) in base 5?
-124
What is -b6 (base 12) in base 6?
-350
What is 3 (base 16) in base 7?
3
-26 (base 8) to base 14
-18
Convert 2 (base 14) to base 5.
2
-49 (base 13) to base 5
-221
What is 4 (base 8) in base 13?
4
-4 (base 15) to base 8
-4
Convert 73 (base 16) to base 4.
1303
Convert -1b (base 14) to base 7.
-34
-31 (base 9) to base 13
-22
Convert 140 (base 7) to base 8.
115
What is 3 (base 7) in base 16?
3
Convert 112 (base 6) to base 16.
2c
-3 (base 15) to base 13
-3
2 (base 6) to base 5
2
Convert 0 (base 4) to base 12.
0
Convert 21 (base 7) to base 5.
30
What is -9 (base 15) in base 16?
-9
What is 159 (base 11) in base 9?
225
What is -2 (base 9) in base 11?
-2
2 (base 9) to base 3
2
110 (base 7) to base 15
3b
Convert 28 (base 13) to base 3.
1021
Convert a (base 11) to base 5.
20
What is 57 (base 9) in base 10?
52
Convert -4 (base 9) to base 15.
-4
3 (base 10) to base 14
3
Convert -c (base 14) to base 4.
-30
Convert -2 (base 15) to base 16.
-2
-11 (base 12) to base 11
-12
-3 (base 12) to base 5
-3
Convert -3 (base 9) to base 3.
-10
What is -1 (base 13) in base 10?
-1
Convert -4 (base 5) to base 9.
-4
What is 3 (base 10) in base 12?
3
1 (base 4) to base 8
1
20c (base 13) to base 8
536
1021 (base 3) to base 8
42
2 (base 7) to base 15
2
-202 (base 6) to base 9
-82
What is -2 (base 12) in base 7?
-2
What is 25 (base 9) in base 12?
1b
What is 15 (base 7) in base 9?
13
10010 (base 2) to base 11
17
Convert -96 (base 12) to base 5.
-424
What is -132 (base 4) in base 3?
-1010
What is 310 (base 4) in base 15?
37
-c (base 13) to base 5
-22
Convert 3 (base 6) to base 13.
3
What is -430 (base 6) in base 15?
-ac
36 (base 12) to base 7
60
0 (base 5) to base 4
0
What is -11011000 (base 2) in base 7?
-426
What is 8 (base 12) in base 15?
8
-2 (base 9) to base 6
-2
What is 4 (base 10) in base 3?
11
What is 1 (base 15) in base 3?
1
-94 (base 14) to base 6
-334
80 (base 9) to base 13
57
What is -3 (base 6) in base 10?
-3
-1000 (base 2) to base 13
-8
What is -a (base 13) in base 7?
-13
-60 (base 10) to base 7
-114
Convert 4 (base 10) to base 6.
4
Convert -10 (base 8) to base 4.
-20
154 (base 12) to base 7
415
57 (base 15) to base 6
214
Convert -210 (base 4) to base 8.
-44
What is -2 (base 13) in base 14?
-2
Convert 304 (base 7) to base 3.
12121
-11 (base 3) to base 7
-4
62 (base 14) to base 13
68
What is d1 (base 15) in base 10?
196
Convert -b (base 14) to base 5.
-21
112 (base 3) to base 7
20
What is 226 (base 7) in base 4?
1312
What is -102 (base 5) in base 15?
-1c
What is -121 (base 11) in base 12?
-100
What is -33 (base 9) in base 13?
-24
-2 (base 10) to base 15
-2
What is -24 (base 15) in base 9?
-37
What is -243 (base 5) in base 12?
-61
-201 (base 4) to base 16
-21
Convert -135 (base 7) to base 3.
-2210
Convert -25 (base 13) to base 8.
-37
What is -3 (base 6) in base 13?
-3
What is 40 (base 13) in base 2?
110100
-1 (base 15) to base 4
-1
-8 (base 12) to base 11
-8
What is -22 (base 7) in base 2?
-10000
Convert 11 (base 9) to base 13.
a
Convert -1010110 (base 2) to base 3.
-10012
What is 0 (base 12) in base 13?
0
Convert -101001000 (base 2) to base 4.
-11020
Convert 1 (base 12) to base 16.
1
What is -4 (base 13) in base 6?
-4
31 (base 16) 